{"id":710,"date":"2025-08-24T00:17:46","date_gmt":"2025-08-24T00:17:46","guid":{"rendered":"https:\/\/robinsonfowler.com\/blog\/?page_id=710"},"modified":"2025-08-24T07:07:49","modified_gmt":"2025-08-24T07:07:49","slug":"aviso-legal","status":"publish","type":"page","link":"https:\/\/robinsonfowler.com\/blog\/aviso-legal\/","title":{"rendered":"AVISO LEGAL"},"content":{"rendered":"\n<hr class=\"wp-block-separator has-alpha-channel-opacity\"\/>\n\n\n\n<h2 class=\"wp-block-heading has-black-color has-text-color has-link-color wp-elements-4760cfcabeb2e904c1da483431334e44\">AVISO LEGAL<\/h2>\n\n\n\n<p class=\"has-black-color has-text-color has-link-color wp-elements-1b9e1bfbbef246dcee1eaf530c6d1d26\"><strong>Titular del Sitio Web<\/strong><br>En cumplimiento con lo establecido por la legislaci\u00f3n vigente, se informa que el presente sitio web es propiedad de:<\/p>\n\n\n\n<ul class=\"wp-block-list\">\n<li class=\"has-black-color has-text-color has-link-color wp-elements-fb870f4aa15c271f4d377824ef1e68f8\"><strong>Titular:<\/strong> Robinson Fowler<\/li>\n\n\n\n<li class=\"has-black-color has-text-color has-link-color wp-elements-3566b8ad5bd4ef170c3b2382cc059652\"><strong>DNI\/RUC\/NIF:<\/strong> 45697156L<\/li>\n\n\n\n<li class=\"has-black-color has-text-color has-link-color wp-elements-936934af822b4729c77737950369a05f\"><strong>Correo electr\u00f3nico de contacto:<\/strong> <a href=\"mailto:contacto@robinsonfowler.com\" data-type=\"mailto\" data-id=\"mailto:contacto@robinsonfowler.com\">contacto@robinsonfowler.com <\/a><\/li>\n\n\n\n<li class=\"has-black-color has-text-color has-link-color wp-elements-177ded23dace5ee82cd0aa620a42cae0\"><strong>Sitio web:<\/strong> www.robinsonfowler.com<\/li>\n\n\n\n<li class=\"has-black-color has-text-color has-link-color wp-elements-51176dcc0a1fa8121f28a5f3d892e228\"><strong>Domicilio:<\/strong> Londres, Inglaterra<\/li>\n<\/ul>\n\n\n\n<p class=\"has-black-color has-text-color has-link-color wp-elements-7df2c18cc3390ddc7eae101acc1cb1e5\"><strong>Objeto del sitio web<\/strong><br>El presente sitio tiene como finalidad ofrecer contenido informativo, educativo y de entretenimiento sobre terror, casos paranormales, historia, cultura, misterio, ciencia ficci\u00f3n, etc., as\u00ed como facilitar el acceso a recursos, noticias o art\u00edculos de inter\u00e9s para los usuarios.<\/p>\n\n\n\n<p class=\"has-black-color has-text-color has-link-color wp-elements-2085783c0a17a1e8d8c69faccea24c0b\"><strong>Responsabilidad del contenido<\/strong><br>El titular no se hace responsable del mal uso que los usuarios puedan dar a la informaci\u00f3n publicada, ni de las consecuencias que pudieran derivarse. Todos los art\u00edculos son elaborados con fines informativos. En ning\u00fan caso sustituyen asesoramiento profesional de ning\u00fan tipo.<\/p>\n\n\n\n<p class=\"has-black-color has-text-color has-link-color wp-elements-363e1c00860e84d173ed4640b7f31c08\"><strong>Enlaces externos<\/strong><br>Este sitio puede contener enlaces a p\u00e1ginas de terceros. El titular no se hace responsable del contenido, pol\u00edticas o pr\u00e1cticas de privacidad de dichos sitios externos.<\/p>\n\n\n\n<p class=\"has-black-color has-text-color has-link-color wp-elements-1b502ac9d52c85770e145439a23e4719\"><strong>Propiedad intelectual<\/strong><br>Todos los textos, im\u00e1genes, v\u00eddeos y otros contenidos de este sitio son propiedad del titular o se publican con licencia o autorizaci\u00f3n. Queda prohibida su reproducci\u00f3n, distribuci\u00f3n o modificaci\u00f3n sin el consentimiento expreso del propietario.<\/p>\n\n\n\n<p class=\"has-black-color has-text-color has-link-color wp-elements-0648fdeec759933b45b39257f6ab75e0\"><strong>Pol\u00edtica de Cookies<\/strong><br>Este sitio web utiliza cookies para mejorar la experiencia del usuario y analizar el tr\u00e1fico. Al continuar navegando, se entiende que aceptas nuestra pol\u00edtica de cookies. Puedes obtener m\u00e1s informaci\u00f3n o cambiar la configuraci\u00f3n en tu navegador.<\/p>\n\n\n\n<p class=\"has-black-color has-text-color has-link-color wp-elements-7745e75144d356895515dbc67cd68a60\"><strong>Modificaciones del aviso legal<\/strong><br>El titular se reserva el derecho de modificar el presente aviso legal en cualquier momento, sin previo aviso, adapt\u00e1ndolo a cambios normativos o mejoras del sitio.<\/p>\n\n\n\n<p><\/p>\n","protected":false},"excerpt":{"rendered":"<p>AVISO LEGAL Titular del Sitio WebEn cumplimiento con lo establecido por la legislaci\u00f3n vigente, se&#8230;<\/p>\n","protected":false},"author":1,"featured_media":0,"parent":0,"menu_order":0,"comment_status":"closed","ping_status":"closed","template":"","meta":{"footnotes":""},"class_list":["post-710","page","type-page","status-publish","hentry"],"_links":{"self":[{"href":"https:\/\/robinsonfowler.com\/blog\/wp-json\/wp\/v2\/pages\/710","targetHints":{"allow":["GET"]}}],"collection":[{"href":"https:\/\/robinsonfowler.com\/blog\/wp-json\/wp\/v2\/pages"}],"about":[{"href":"https:\/\/robinsonfowler.com\/blog\/wp-json\/wp\/v2\/types\/page"}],"author":[{"embeddable":true,"href":"https:\/\/robinsonfowler.com\/blog\/wp-json\/wp\/v2\/users\/1"}],"replies":[{"embeddable":true,"href":"https:\/\/robinsonfowler.com\/blog\/wp-json\/wp\/v2\/comments?post=710"}],"version-history":[{"count":6,"href":"https:\/\/robinsonfowler.com\/blog\/wp-json\/wp\/v2\/pages\/710\/revisions"}],"predecessor-version":[{"id":766,"href":"https:\/\/robinsonfowler.com\/blog\/wp-json\/wp\/v2\/pages\/710\/revisions\/766"}],"wp:attachment":[{"href":"https:\/\/robinsonfowler.com\/blog\/wp-json\/wp\/v2\/media?parent=710"}],"curies":[{"name":"wp","href":"https:\/\/api.w.org\/{rel}","templated":true}]}}